{"id":3,"date":"2026-03-23T12:07:27","date_gmt":"2026-03-23T12:07:27","guid":{"rendered":"http:\/\/localhost:49944\/?page_id=3"},"modified":"2026-03-24T09:35:28","modified_gmt":"2026-03-24T08:35:28","slug":"integritetspolicy","status":"publish","type":"page","link":"https:\/\/maxman-solutions.se\/?page_id=3","title":{"rendered":"Integritetspolicy"},"content":{"rendered":"\n<h2 class=\"wp-block-heading\">Integritets- och Cookiepolicy.<\/h2>\n\n\n\n<p><strong>Ingen insamling av personuppgifter<\/strong><br>Vi samlar\u00a0<strong>inte<\/strong>\u00a0in, lagrar eller behandlar n\u00e5gra personuppgifter.<\/p>\n\n\n\n<p><strong>Vid kontakt<\/strong><br>Om ni v\u00e4ljer att kontakta oss via e-post eller formul\u00e4r kommer de uppgifter ni l\u00e4mnar endast att anv\u00e4ndas f\u00f6r att besvara er f\u00f6rfr\u00e5gan. Uppgifterna kommer inte att delas vidare eller sparas l\u00e4ngre \u00e4n n\u00f6dv\u00e4ndigt.<\/p>\n","protected":false},"excerpt":{"rendered":"<p>Integritets- och Cookiepolicy. Ingen insamling av personuppgifterVi samlar\u00a0inte\u00a0in, lagrar eller behandlar n\u00e5gra personuppgifter. Vid kontaktOm ni v\u00e4ljer att kontakta oss via e-post eller formul\u00e4r kommer de uppgifter ni l\u00e4mnar endast att anv\u00e4ndas f\u00f6r att besvara er f\u00f6rfr\u00e5gan. Uppgifterna kommer inte att delas vidare eller sparas l\u00e4ngre \u00e4n n\u00f6dv\u00e4ndigt.<\/p>\n","protected":false},"author":1,"featured_media":0,"parent":0,"menu_order":0,"comment_status":"closed","ping_status":"closed","template":"","meta":{"saved_in_kubio":true,"footnotes":""},"class_list":["post-3","page","type-page","status-publish","hentry"],"kubio_ai_page_context":{"short_desc":"","purpose":"general"},"_links":{"self":[{"href":"https:\/\/maxman-solutions.se\/index.php?rest_route=\/wp\/v2\/pages\/3","targetHints":{"allow":["GET"]}}],"collection":[{"href":"https:\/\/maxman-solutions.se\/index.php?rest_route=\/wp\/v2\/pages"}],"about":[{"href":"https:\/\/maxman-solutions.se\/index.php?rest_route=\/wp\/v2\/types\/page"}],"author":[{"embeddable":true,"href":"https:\/\/maxman-solutions.se\/index.php?rest_route=\/wp\/v2\/users\/1"}],"replies":[{"embeddable":true,"href":"https:\/\/maxman-solutions.se\/index.php?rest_route=%2Fwp%2Fv2%2Fcomments&post=3"}],"version-history":[{"count":2,"href":"https:\/\/maxman-solutions.se\/index.php?rest_route=\/wp\/v2\/pages\/3\/revisions"}],"predecessor-version":[{"id":98,"href":"https:\/\/maxman-solutions.se\/index.php?rest_route=\/wp\/v2\/pages\/3\/revisions\/98"}],"wp:attachment":[{"href":"https:\/\/maxman-solutions.se\/index.php?rest_route=%2Fwp%2Fv2%2Fmedia&parent=3"}],"curies":[{"name":"wp","href":"https:\/\/api.w.org\/{rel}","templated":true}]}}